{"id":76,"date":"2021-04-27T19:44:42","date_gmt":"2021-04-27T19:44:42","guid":{"rendered":"https:\/\/podo-geiselhardt.de\/?page_id=76"},"modified":"2026-04-01T09:01:54","modified_gmt":"2026-04-01T09:01:54","slug":"oeffnungszeiten","status":"publish","type":"page","link":"https:\/\/podo-geiselhardt.de\/?page_id=76","title":{"rendered":"\u00d6ffnungszeiten"},"content":{"rendered":"\n<p><br>Meine Praxis ist eine reine Bestellpraxis, d.h. wir planen ein bestimmtes Zeitfenster f\u00fcr Ihre Behandlung. Reinkommen und drankommen ist deshalb leider nicht m\u00f6glich. Bitte vereinbaren Sie Termine ausschlie\u00dflich telefonisch.<\/p>\n\n\n\n<section id=\"section-5104583b-d62b-42ef-9f6d-ecb9979c6f34\" class=\"wp-block-gutentor-opening-hours gutentor-section gutentor-opening-hours opening-hours-template1 has-color-bg has-custom-bg\"><div class=\"grid-container\"><div class=\"gutentor-grid-item-wrap\"><div class=\"gutentor-opening-hours-box\"><ul class=\"gutentor-opening-hours-wrapper\"><li class=\"gutentor-single-item gutentor-single-item-0\"><div class=\"gutentor-opening-hours-content\"><h3 class=\"gutentor-single-item-title\">Montag<\/h3><div class=\"gutentor-opening-hours-time-wrap\"><p class=\"gutentor-single-item-opening\">8.00 \u2013 12.30 Uhr &amp; 13.30 \u2013 18.00 Uhr<\/p><\/div><\/div><\/li><li class=\"gutentor-single-item gutentor-single-item-1\"><div class=\"gutentor-opening-hours-content\"><h3 class=\"gutentor-single-item-title\">Dienstag<\/h3><div class=\"gutentor-opening-hours-time-wrap\"><p class=\"gutentor-single-item-opening\"> 8.00 \u2013 12.30 Uhr &amp; 13.30 \u2013 16.00 Uhr <\/p><\/div><\/div><\/li><li class=\"gutentor-single-item gutentor-single-item-2\"><div class=\"gutentor-opening-hours-content\"><h3 class=\"gutentor-single-item-title\">Mittwoch<\/h3><div class=\"gutentor-opening-hours-time-wrap\"><p class=\"gutentor-single-item-opening\">                                                                   8.00 \u2013 12.30 Uhr &amp; 13.30 \u2013 17.00 Uhr<\/p><\/div><\/div><\/li><li class=\"gutentor-single-item gutentor-single-item-3\"><div class=\"gutentor-opening-hours-content\"><h3 class=\"gutentor-single-item-title\">Donnerstag<\/h3><div class=\"gutentor-opening-hours-time-wrap\"><p class=\"gutentor-single-item-opening\">8.00 \u2013 12.30 Uhr &amp; 13.30 \u2013 17.00 Uhr<\/p><\/div><\/div><\/li><li class=\"gutentor-single-item gutentor-single-item-4\"><div class=\"gutentor-opening-hours-content\"><h3 class=\"gutentor-single-item-title\">Freitag<\/h3><div class=\"gutentor-opening-hours-time-wrap\"><p class=\"gutentor-single-item-opening\">8.00 \u2013 13.00 Uhr &amp; nach Vereinbarung<\/p><\/div><\/div><\/li><\/ul><\/div><\/div><\/div><\/section>\n\n\n\n<p><\/p>\n","protected":false},"excerpt":{"rendered":"<p>Meine Praxis ist eine reine Bestellpraxis, d.h. wir planen ein bestimmtes Zeitfenster f\u00fcr Ihre Behandlung. Reinkommen und drankommen ist deshalb leider nicht m\u00f6glich. Bitte vereinbaren Sie Termine ausschlie\u00dflich telefonisch.<\/p>\n","protected":false},"author":1,"featured_media":0,"parent":0,"menu_order":0,"comment_status":"closed","ping_status":"closed","template":"","meta":{"footnotes":""},"class_list":["post-76","page","type-page","status-publish","hentry"],"_links":{"self":[{"href":"https:\/\/podo-geiselhardt.de\/index.php?rest_route=\/wp\/v2\/pages\/76","targetHints":{"allow":["GET"]}}],"collection":[{"href":"https:\/\/podo-geiselhardt.de\/index.php?rest_route=\/wp\/v2\/pages"}],"about":[{"href":"https:\/\/podo-geiselhardt.de\/index.php?rest_route=\/wp\/v2\/types\/page"}],"author":[{"embeddable":true,"href":"https:\/\/podo-geiselhardt.de\/index.php?rest_route=\/wp\/v2\/users\/1"}],"replies":[{"embeddable":true,"href":"https:\/\/podo-geiselhardt.de\/index.php?rest_route=%2Fwp%2Fv2%2Fcomments&post=76"}],"version-history":[{"count":11,"href":"https:\/\/podo-geiselhardt.de\/index.php?rest_route=\/wp\/v2\/pages\/76\/revisions"}],"predecessor-version":[{"id":359,"href":"https:\/\/podo-geiselhardt.de\/index.php?rest_route=\/wp\/v2\/pages\/76\/revisions\/359"}],"wp:attachment":[{"href":"https:\/\/podo-geiselhardt.de\/index.php?rest_route=%2Fwp%2Fv2%2Fmedia&parent=76"}],"curies":[{"name":"wp","href":"https:\/\/api.w.org\/{rel}","templated":true}]}}