{"id":34,"date":"2021-04-27T19:30:16","date_gmt":"2021-04-27T19:30:16","guid":{"rendered":"https:\/\/podo-geiselhardt.de\/?page_id=34"},"modified":"2021-04-27T19:30:16","modified_gmt":"2021-04-27T19:30:16","slug":"podologie","status":"publish","type":"page","link":"https:\/\/podo-geiselhardt.de\/?page_id=34","title":{"rendered":"Podologie"},"content":{"rendered":"\n<h1 class=\"wp-block-heading\">Mein Beruf &#8211; Podologin<\/h1>\n\n\n\n<h2 class=\"wp-block-heading\">Podologie&#8230;<\/h2>\n\n\n\n<ul class=\"wp-block-list\"><li>ist die nicht\u00e4rztliche Heilkunde am Fu\u00df<\/li><li>ist ein medizinischer Assistenzberuf mit zweij\u00e4hriger spezieller Ausbildung<\/li><li>ist unter anderem die besondere Qualifizierung im Bereich Risikopatienten<\/li><li>ist Zusammenarbeit mit Haus- oder Fach\u00e4rzten, und Orthop\u00e4dieschuhmachern<\/li><li>ist die Mitwirkung in der Gesundheitsvorsorge um Fu\u00dferkrankungen fr\u00fchzeitig zu erkennen bzw. Vorzubeugen<\/li><\/ul>\n","protected":false},"excerpt":{"rendered":"<p>Mein Beruf &#8211; Podologin Podologie&#8230; ist die nicht\u00e4rztliche Heilkunde am Fu\u00df ist ein medizinischer Assistenzberuf mit zweij\u00e4hriger spezieller Ausbildung ist unter anderem die besondere Qualifizierung im Bereich Risikopatienten ist Zusammenarbeit mit Haus- oder Fach\u00e4rzten, und Orthop\u00e4dieschuhmachern ist die Mitwirkung in der Gesundheitsvorsorge um Fu\u00dferkrankungen fr\u00fchzeitig zu erkennen bzw. Vorzubeugen<\/p>\n","protected":false},"author":1,"featured_media":0,"parent":0,"menu_order":0,"comment_status":"closed","ping_status":"closed","template":"","meta":{"footnotes":""},"class_list":["post-34","page","type-page","status-publish","hentry"],"_links":{"self":[{"href":"https:\/\/podo-geiselhardt.de\/index.php?rest_route=\/wp\/v2\/pages\/34","targetHints":{"allow":["GET"]}}],"collection":[{"href":"https:\/\/podo-geiselhardt.de\/index.php?rest_route=\/wp\/v2\/pages"}],"about":[{"href":"https:\/\/podo-geiselhardt.de\/index.php?rest_route=\/wp\/v2\/types\/page"}],"author":[{"embeddable":true,"href":"https:\/\/podo-geiselhardt.de\/index.php?rest_route=\/wp\/v2\/users\/1"}],"replies":[{"embeddable":true,"href":"https:\/\/podo-geiselhardt.de\/index.php?rest_route=%2Fwp%2Fv2%2Fcomments&post=34"}],"version-history":[{"count":1,"href":"https:\/\/podo-geiselhardt.de\/index.php?rest_route=\/wp\/v2\/pages\/34\/revisions"}],"predecessor-version":[{"id":35,"href":"https:\/\/podo-geiselhardt.de\/index.php?rest_route=\/wp\/v2\/pages\/34\/revisions\/35"}],"wp:attachment":[{"href":"https:\/\/podo-geiselhardt.de\/index.php?rest_route=%2Fwp%2Fv2%2Fmedia&parent=34"}],"curies":[{"name":"wp","href":"https:\/\/api.w.org\/{rel}","templated":true}]}}